1
List the prime factors of 2410157.
31, 77747
What are the prime factors of 405260?
2, 5, 23, 881
List the prime factors of 13389389.
13, 1029953
List the prime factors of 100712.
2, 12589
List the prime factors of 50601.
3, 101, 167
What are the prime factors of 35568213?
3, 11856071
List the prime factors of 146548.
2, 36637
List the prime factors of 19030607.
19030607
What are the prime factors of 6746243?
7, 107, 9007
List the prime factors of 1110591.
3, 13711
What are the prime factors of 7971487?
17, 27583
What are the prime factors of 6727308?
2, 3, 7, 17, 673
List the prime factors of 2453512.
2, 306689
List the prime factors of 1482363.
3, 164707
What are the prime factors of 254853?
3, 9439
What are the prime factors of 20700204?
2, 3, 7, 263, 937
List the prime factors of 294578.
2, 147289
List the prime factors of 21555071.
23, 79, 11863
What are the prime factors of 258552?
2, 3, 7, 19
What are the prime factors of 2452357?
2452357
What are the prime factors of 532468?
2, 133117
What are the prime factors of 3411556?
2, 852889
What are the prime factors of 3182742?
2, 3, 176819
What are the prime factors of 3615243?
3, 1205081
List the prime factors of 5721502.
2, 2860751
What are the prime factors of 180561?
3, 139, 433
List the prime factors of 641089.
641089
List the prime factors of 472224.
2, 3, 4919
What are the prime factors of 17587614?
2, 3, 11, 266479
List the prime factors of 83139.
3, 7, 37, 107
What are the prime factors of 554364?
2, 3, 29, 59
List the prime factors of 7471137.
3, 181, 13759
List the prime factors of 904979.
211, 4289
List the prime factors of 129720.
2, 3, 5, 23, 47
What are the prime factors of 97359?
3, 17, 23, 83
What are the prime factors of 1829835?
3, 5, 7, 37, 157
What are the prime factors of 1327318?
2, 663659
What are the prime factors of 182367?
3, 23, 881
What are the prime factors of 8003945?
5, 1600789
List the prime factors of 742.
2, 7, 53
List the prime factors of 1990848.
2, 3, 10369
List the prime factors of 59678.
2, 53, 563
What are the prime factors of 65291?
109, 599
List the prime factors of 2090453.
71, 29443
What are the prime factors of 10275129?
3, 311, 3671
What are the prime factors of 355238?
2, 13, 1051
What are the prime factors of 21161630?
2, 5, 7, 19, 2273
List the prime factors of 17063563.
11, 17, 91249
List the prime factors of 1282198.
2, 37, 17327
What are the prime factors of 171103?
171103
What are the prime factors of 370499?
163, 2273
What are the prime factors of 2427310?
2, 5, 242731
List the prime factors of 15065789.
1307, 11527
List the prime factors of 211686.
2, 3, 35281
What are the prime factors of 6756159?
3, 29, 79, 983
List the prime factors of 1016438.
2, 479, 1061
What are the prime factors of 105102?
2, 3, 5839
What are the prime factors of 1245243?
3, 23, 18047
List the prime factors of 77123.
233, 331
What are the prime factors of 5064511?
5064511
List the prime factors of 19627456.
2, 19, 16141
What are the prime factors of 83579?
83579
List the prime factors of 1896338.
2, 948169
List the prime factors of 94107.
3, 13, 19, 127
List the prime factors of 736014.
2, 3, 241, 509
List the prime factors of 501179.
7, 71597
List the prime factors of 653397.
3, 433, 503
What are the prime factors of 9054137?
9054137
List the prime factors of 1169247.
3, 389749
List the prime factors of 1620486.
2, 3, 7, 1429
List the prime factors of 2037556.
2, 509389
What are the prime factors of 554160?
2, 3, 5, 2309
What are the prime factors of 1279768?
2, 7, 22853
List the prime factors of 58637.
191, 307
What are the prime factors of 650495?
5, 130099
What are the prime factors of 1349378?
2, 443, 1523
What are the prime factors of 14284101?
3, 13, 366259
What are the prime factors of 474283?
17, 23, 1213
What are the prime factors of 455868?
2, 3, 7, 67
List the prime factors of 1798115.
5, 11, 32693
List the prime factors of 14935508.
2, 7, 73, 7307
List the prime factors of 8294452.
2, 2073613
What are the prime factors of 2483110?
2, 5, 7, 19, 1867
List the prime factors of 2146056.
2, 3, 11, 739
What are the prime factors of 1511420?
2, 5, 75571
List the prime factors of 2489063.
89, 27967
What are the prime factors of 8227873?
83, 99131
What are the prime factors of 9177782?
2, 23, 127, 1571
What are the prime factors of 21698388?
2, 3, 31, 6481
List the prime factors of 675863.
675863
List the prime factors of 1693289.
13, 130253
List the prime factors of 15838813.
15838813
What are the prime factors of 2313642?
2, 3, 385607
What are the prime factors of 5604936?
2, 3, 409, 571
What are the prime factors of 54397?
7, 19, 409
List the prime factors of 159138.
2, 3, 7, 421
What are the prime factors of 234045?
3, 5, 7, 743
What are the prime factors of 3904530?
2, 3, 5, 7, 18593
List the prime factors of 2017321.
619, 3259
List the prime factors of 8025099.
3, 61, 43853
List the prime factors of 6512362.
2, 3256181
What are the prime factors of 321584?
2, 101, 199
List the prime factors of 2491198.
2, 73, 113, 151
List the prime factors of 195452.
2, 131, 373
List the prime factors of 44168.
2, 5521
List the prime factors of 1290039.
3, 430013
List the prime factors of 62143.
62143
What are the prime factors of 43980?
2, 3, 5, 733
List the prime factors of 6063342.
2, 3, 293, 3449
List the prime factors of 118685.
5, 7, 3391
List the prime factors of 721000.
2, 5, 7, 103
What are the prime factors of 1068068?
2, 267017
What are the prime factors of 9007605?
3, 5, 23, 967
List the prime factors of 1531672.
2, 191459
What are the prime factors of 7218265?
5, 1443653
What are the prime factors of 562896?
2, 3, 1303
List the prime factors of 4208760.
2, 3, 5, 433
List the prime factors of 32273624.
2, 4034203
List the prime factors of 3058548.
2, 3, 254879
What are the prime factors of 1985872?
2, 7, 17, 149
What are the prime factors of 1003470?
2, 3, 5, 13, 31, 83
List the prime factors of 1007146.
2, 7, 43, 239
What are the prime factors of 1162379?
73, 15923
List the prime factors of 327282.
2, 3, 54547
What are the prime factors of 8309018?
2, 4154509
What are the prime factors of 1612452?
2, 3, 134371
List the prime factors of 91230.
2, 3, 5, 3041
List the prime factors of 1208632.
2, 17, 8887
List the prime factors of 1700276.
2, 127, 3347
What are the prime factors of 552105?
3, 5, 12269
List the prime factors of 516951.
3, 71, 809
What are the prime factors of 61007?
61007
What are the prime factors of 2873514?
2, 3, 7, 31, 2207
What are the prime factors of 178161?
3, 59387
List the prime factors of 598218.
2, 3, 179, 557
List the prime factors of 302732.
2, 75683
List the prime factors of 2215162.
2, 1107581
What are the prime factors of 118601?
7, 16943
What are the prime factors of 453367?
453367
What are the prime factors of 564306?
2, 3, 163, 577
What are the prime factors of 3407965?
5, 11, 43, 131
List the prime factors of 645591.
3, 215197
List the prime factors of 674759.
674759
List the prime factors of 620934.
2, 3, 37, 2797
What are the prime factors of 2137411?
2137411
What are the prime factors of 12144208?
2, 53, 14321
What are the prime factors of 4740940?
2, 5, 101, 2347
List the prime factors of 629215.
5, 61, 2063
What are the prime factors of 362667?
3, 120889
List the prime factors of 18155941.
18155941
List the prime factors of 957906.
2, 3, 73
What are the prime factors of 703483?
11, 31, 2063
What are the prime factors of 272931?
3, 90977
List the prime factors of 119023.
41, 2903
List the prime factors of 5596372.
2, 439, 3187
List the prime factors of 558246.
2, 3, 13, 17, 421
What are the prime factors of 1293011?
1293011
What are the prime factors of 295368?
2, 3, 31, 397
List the prime factors of 1103435.
5, 220687
List the prime factors of 3813762.
2, 3, 563, 1129
List the prime factors of 230267.
409, 563
What are the prime factors of 215563?
215563
What are the prime factors of 7261289?
7, 1037327
List the prime factors of 1677701.
877, 1913
List the prime factors of 121698.
2, 3, 6761
What are the prime factors of 7072026?
2, 3, 13, 71, 1277
List the prime factors of 3494832.
2, 3, 11, 6619
What are the prime factors of 94693?
94693
List the prime factors of 247724.
2, 17, 3643
List the prime factors of 